- 37. Calculate the highest common factor of t and z.
23
Suppose 258*q = 450*q - 7183680. What is the greatest common divisor of q and 35?
35
Suppose 2*j - b - 218 = -13, -3*b - 512 = -5*j. Suppose -3*v = -3*f + 2*f - j, -4*f + 78 = 2*v. What is the highest common divisor of v and 7?
7
Let m(g) = -2*g**2 + 4*g + 45. Let w be m(7). Let u be (-5195)/w - (-1)/5. What is the greatest common divisor of u and 8?
8
Suppose -1083 + 3682 = 23*c. What is the highest common divisor of c and 24634?
113
Let r(j) = -4*j**3 + 524*j**2 - 523*j + 400. Let q be r(130). Let g = -4 - -1. Let h = 12 - g. Calculate the highest common divisor of h and q.
5
Let j be ((-213)/284)/(3/(-40)). What is the greatest common divisor of 865 and j?
5
Let a = 38 + -26. Let n be 6/(-12)*-6 - -6. Suppose 23 = 3*p - 5*t, 12*p - n*p - 14 = -4*t. Calculate the highest common divisor of a and p.
6
Suppose 0 = 5*c + v - 85, -7*c + 6*c = -5*v + 9. What is the highest common factor of 424 and c?
8
Let i be (-160)/2 + 5 + (-8 - -1). Let b = 113 + i. Calculate the highest common factor of b and 155.
31
Suppose -1260*f + 1250*f + 588 = 88. What is the greatest common factor of 1525 and f?
25
Suppose -3*v + 1440 = 3*q, -5*v + 3592 - 1202 = 3*q. What is the highest common factor of v and 2200?
25
Suppose 2*l + 11 - 3 = 0. Let f be l + 28/4 + 4. Let o(t) = -19*t + 248. Let i be o(13). What is the highest common factor of f and i?
1
Let v(h) = -712*h - 3581. Let s be v(-8). What is the greatest common factor of 45 and s?
45
Suppose -a - 91*h + 108 = -87*h, 0 = -a + 2*h + 84. Calculate the greatest common factor of 598 and a.
46
Let d = -292 - -161. Let m = d - -152. Calculate the greatest common divisor of 147 and m.
21
Let i be (0/(-5 - -3))/(-1). Suppose i = c + 29 - 10. Let p(o) = o**3 + 18*o**2 - 18*o + 29. Let l be p(c). Calculate the greatest common divisor of 130 and l.
10
Let v = -12506 + 12666. Let i = -5 + 15. What is the greatest common divisor of i and v?
10
Suppose 0 = 3*l + 25 - 70. Let f be 362/l + (-18)/135. Suppose j - 9 = f. What is the greatest common divisor of j and 3?
3
Suppose 11*p - 9*p - 62 = -8*t, -4*t - 2*p = -38. Calculate the highest common factor of 24042 and t.
6
Let j = 7381 - 5637. What is the highest common divisor of 1853 and j?
109
Let w(r) = r**3 - 134*r**2 + 523*r - 368. Let i be w(130). Calculate the highest common divisor of 18359 and i.
11
Let k = 5726 - 5626. Let n(x) = 7*x**2 - 6*x + 5. Let r be n(3). What is the highest common divisor of k and r?
50
Let o be (-5)/(-30)*6*-93. Let i = o - -107. Calculate the highest common divisor of 182 and i.
14
Let c(k) = -k**3 + 30*k**2 - 26*k - 71. Let t be c(29). What is the highest common factor of t and 4952?
8
Let t(u) = 4*u - 31. Let a(i) = 2*i - 15. Let d(n) = 10*a(n) - 4*t(n). Let f = -68 - -86. Let s be d(f). What is the greatest common factor of 115 and s?
23
Let p be 0 - (1 + -1) - 29. Let c = p + 40. Suppose 98*v + 255*v + 77*v = 9460. What is the highest common divisor of c and v?
11
Let f = -1658 - -1706. What is the greatest common divisor of 1536 and f?
48
Suppose -5*x + 6*x - 475 = 5*n, -5*x + 2245 = n. What is the highest common divisor of 400 and x?
50
Suppose -69*h = -355*h + 930930. What is the greatest common divisor of h and 63?
21
Let i be 10576/88 + 1 + 9 + (-2)/11. What is the highest common factor of i and 78?
26
Let v = -17352 - -18336. Calculate the highest common factor of 28 and v.
4
Suppose -300 = -43*q + 388. Let p be (q - 962/65)*510/4. Calculate the highest common divisor of 255 and p.
51
Let y be (27/(-7))/((-129)/602). What is the greatest common factor of 1884 and y?
6
Let d be -190*((-8)/6 - 6/9). What is the highest common factor of d and 60?
20
Let f(m) = 5*m**2 + 75*m - 373. Let n be f(4). Suppose -z = -253 + 50. Calculate the greatest common divisor of n and z.
7
Let z be 8/16 + (-17)/(-2). Let c(g) = -8*g - g**2 + 22*g - 7*g**3 + 10 - 4*g. Let a be c(-1). What is the greatest common divisor of a and z?
3
Let n be ((-50)/4)/5*(-7 - -3). Let s be 2/n + 12/((-240)/(-236)). What is the highest common factor of s and 300?
12
Suppose -4*x + 7 = -1. Suppose 0 = -6*d + 20 - 2. Calculate the highest common factor of x and d.
1
Suppose -22*q + 8526 = -20*q + d, 4*q - 3*d = 17052. Calculate the greatest common factor of 29 and q.
29
Let t = -90 + 88. Let a be (78/(-4))/(1/t). Let c = 32 + 7. What is the greatest common divisor of c and a?
39
Suppose 127 - 2340 - 347 = -40*n. Calculate the highest common divisor of 1352 and n.
8
Let l = 1102 - 1066. Suppose 5*g - 180 = 2*g. Calculate the greatest common factor of g and l.
12
Suppose 2424 = 3*a + z, -4*z + 3216 = 4*a - 0*a. What is the greatest common factor of 12 and a?
6
Let v be -2 - (((-320)/5 - -10) + -4). What is the highest common divisor of 2058 and v?
14
Suppose 72 - 544 = -8*n. Let r = n + 133. What is the highest common divisor of 12 and r?
12
Suppose 18*i = 15*i + 15. Let f(k) = 2*k**2 - 3*k + 11. Let u be f(i). Suppose -36*b + 200 = -2284. Calculate the highest common divisor of b and u.
23
Suppose -1416*r + 1454*r - 266 = 0. What is the greatest common divisor of r and 7441?
7
Let f = 481 + -481. Let w be 17 - (2 - -2 - f). Calculate the greatest common divisor of 247 and w.
13
Let h = 323 + -321. Suppose 0 = 5*a - 3*p - 3891, 236 = h*a - 5*p - 1328. What is the highest common divisor of a and 21?
21
Suppose -2*f + j + 1101 = -2302, 0 = 4*j - 20. What is the highest common factor of 24 and f?
24
Let t = -1193 + 1673. Let v = 597 - t. Calculate the greatest common factor of v and 156.
39
Let m be 8*((19 - -1) + -2). Let o = 153 + -151. Suppose -o = 3*s - 56. What is the highest common divisor of s and m?
18
Let i(y) be the second derivative of 499*y**4/6 + 5*y**3/3 - 9*y**2/2 + 2*y + 1. Let l be i(1). What is the greatest common divisor of l and 111?
111
Let q be 1/((-9)/(-9639)*7). What is the greatest common factor of q and 72?
9
Let i(j) = -j**3 - 3*j**2 + 3*j + 1. Let c be i(-4). Suppose -8*o + 11 = s - c*o, 4*o = 12. Calculate the greatest common divisor of 22 and s.
2
Suppose -728*z + 687*z = -2214. What is the greatest common factor of z and 6?
6
Suppose 4*d + 24*s - 440 = 28*s, -332 = -3*d + 4*s. Calculate the highest common divisor of 24 and d.
12
Let i be 65116/1460 + 7/5 + -1. Calculate the highest common divisor of i and 170.
5
Let n(k) = -k**2 + 5*k + 1. Let o be n(6). Let z = o - -16. Suppose -8385 = -187*h + 3*h + 5783. Calculate the greatest common factor of h and z.
11
Let p = 2508 - 2435. Calculate the highest common factor of 4307 and p.
73
Suppose l + 141*j - 15 = 139*j, 5*l + 5*j - 60 = 0. What is the highest common factor of 90 and l?
9
Let d = -28691 - -28708. Let t be 10/4*(-12)/(-10). Calculate the highest common factor of d and t.
1
Let c be 12 - (-2)/(-2) - 6. Suppose -5 = 4*f - 13. Calculate the greatest common factor of f and c.
1
Let z = -15904 + 15928. What is the greatest common divisor of 4776 and z?
24
Let d(o) = -538*o - 8068. Let h be d(-15). What is the greatest common factor of h and 241?
1
Let i(a) = 2*a**2 + a - 9. Let j be i(-3). Let w be 816/45 + (7 - (-107)/(-15)). What is the highest common factor of w and j?
6
Let o(h) = -h - 6. Let g(c) = 20*c + 43. Let z(t) = -g(t) - 4*o(t). Let w be z(-4). What is the highest common divisor of w and 10?
5
Suppose 0 = -4*n + 2*o + 612, 0 = 2*n + 5*o - 51 - 243. What is the highest common factor of 342 and n?
38
Let z be 0/(-1) - (-52)/2. Let a(r) = r**3 - 8*r**2 - 66*r + 4. Let d be a(13). Let h = z + d. Calculate the highest common factor of 136 and h.
17
Let p(m) = -m**3 + 74*m**2 + 57*m - 2372. Let t be p(74). What is the highest common factor of 494 and t?
26
Let f be (7/(-28))/((-2)/(-6184)). Let x = -530 - f. What is the greatest common factor of x and 108?
27
Suppose -60572 + 192182 = 205*m. Calculate the highest common divisor of m and 4066.
214
Suppose -4*f = 20, -2*s - 29 = 5*f + 52. Let u = s - -70. Let n = u + -31. Calculate the greatest common factor of n and 55.
11
Let v be 1/3 + 6108/(-18). Suppose -24*g = 1678 + 2858. Let x = g - v. What is the greatest common divisor of x and 60?
30
Suppose 2*h = -45*a + 44*a + 3137, 0 = 4*h - a - 6253. Calculate the greatest common divisor of 35 and h.
5
Let m = 3231 - 3203. Calculate 